t**5 + 13*t**2 + 0*t + 0 - 2/3*t**3 - u*t**4. Give f(3).
-1
Let m(t) = -2*t**2 - t. Let c(l) = 3*l**2 + 67*l - 280. Let h be c(-26). Determine m(h).
-78
Let b(k) = 24*k - 381. Let o be b(16). Suppose -i = -4*c + 19, o*i = c - 3*c - 1. Let v(w) be the second derivative of w**3/3 - w. What is v(i)?
-6
Let m be ((-13)/(-3) - -1)/((-1040)/(-30) + -34). Let b(r) = -r + 22. Give b(m).
14
Let w(b) be the first derivative of -3*b + 1/3*b**3 - 293 - 5/2*b**2. Determine w(5).
-3
Let f(u) be the second derivative of -16*u**3/3 - 460*u. What is f(-1)?
32
Suppose 0 = 3*w - 2*i + 10, 2*w - i + 0*i = -7. Let y(p) = 16*p**2 + 8*p + 88. Let a(x) = 7*x**2 + 4*x + 37. Let n(d) = -7*a(d) + 3*y(d). Calculate n(w).
5
Let u(l) = 16*l - 2*l + 16*l - 26*l + 2*l**2 + 3. Let q(w) = w**2 + 6*w + 2. Let k be q(-5). Give u(k).
9
Let u(b) = 6*b**2 - 5*b + 2. Let a(o) = -7*o**2 + 5*o - 2. Let d(r) = 5*a(r) + 6*u(r). Let i = -66 + 71. Suppose -4*f = 4*c - 3 + 11, -i*c = 25. Calculate d(f).
-4
Let i(g) = -g. Suppose -6*r + 10 - 4 = 0. Let v(m) = -22. Let n(k) = r*i(k) - v(k). Calculate n(15).
7
Let s(m) = -m**3 - 6*m**2 + m + 2. Suppose -3 = -2*u - 5*v, 79*u + 4*v = 77*u. Determine s(u).
-4
Let x(w) be the first derivative of -7 - 1/4*w**4 + 0*w**2 - w + 2/3*w**3. What is x(1)?
0
Let w = -432 - -434. Let h(g) = -3 - 78*g**w + 77*g**2 - g + 5 + 0. Give h(6).
-40
Let l(z) = -z**3 - 3*z**2 - 2*z + 1. Suppose -25*n + 22*n = -9. Suppose 15 = -0*c - n*c. Let v(s) = s**3 + 6*s**2 + s - 22. Let f be v(c). Calculate l(f).
1
Let y be (-3750)/(-300)*((-4)/5)/2. Let v(o) = -47*o - 235. Give v(y).
0
Let s(q) = -q**3 + 23*q**2 + q + 13. Let t be s(0). Let z(a) = a**3 - 15*a**2 + 29*a - 17. What is z(t)?
22
Let m be (-3 - -1)/((-20)/30). Let s be ((-3)/m)/(-6) - 44/(-24). Let x(v) = -7*v + 1. What is x(s)?
-13
Let v(r) be the third derivative of -104*r**2 + 0*r + 1/120*r**6 - 1/6*r**4 + 0 - 1/60*r**5 + 1/6*r**3. Determine v(3).
7
Let w(d) be the second derivative of 5*d**3/6 - 6*d**2 - d - 205. Give w(-5).
-37
Let v(a) be the third derivative of -a**5/60 - 5*a**4/8 + 16*a**3/3 + 1834*a**2. Calculate v(-22).
-122
Let a be (0 + 2/(-8))*-4. Let q(h) = -9*h**3 - h**2 - 2*h + 2. Give q(a).
-10
Let k(u) be the first derivative of -u**2/2 + 14*u - 3. Let h(c) = 7*c**2 + 111*c + 106. Let a be h(-15). Give k(a).
-2
Let n = 74 - 66. Suppose 12 = 6*h - n*h. Let g(o) be the third derivative of o**6/120 + o**5/10 - 5*o**3/6 - o**2. Give g(h).
-5
Suppose 91*j - 195*j - 178*j = -846. Let y(c) be the first derivative of c**4/4 + 2*c**3/3 + c**2/2 - c - 1. What is y(j)?
47
Let q(p) be the third derivative of p**5/60 + p**4/12 - 2*p**3/3 + 771*p**2. Give q(-3).
-1
Let b(k) = k**3 + 16*k**2 + 12*k - 48. Suppose -8*a - 186 + 50 = -16. What is b(a)?
-3
Let d = 20904 - 20914. Let k(z) = -9*z - 103. Calculate k(d).
-13
Let o be (1 - (4 + -6)) + 0. Let j(m) = -8*m**2 - 124*m**3 + 255*m**o - 130*m**3 + 4 + 9*m. Give j(7).
18
Let a(y) = -y + y**2 - 2*y - 5 - 4*y. Let d(t) = -t**2 - t + 33. Let x be d(5). Suppose -5*n + 47 = x*j, 3*n + j = 6*j + 1. What is a(n)?
-5
Let n(y) = 2*y**3 - y - 3. Let g = 74 + -72. Let u(h) = -8*h**3 + 4*h + 13. Let v(l) = g*u(l) + 9*n(l). What is v(-1)?
-2
Let w be (-20)/6*24/20. Let a(c) = -38*c - 23. Let l(z) = 10*z + 6. Let i(m) = -6*a(m) - 23*l(m). What is i(w)?
8
Let c(t) be the first derivative of t**3/6 - 3*t**2 - 40*t + 38. Let y(j) be the first derivative of c(j). What is y(7)?
1
Let i(q) be the first derivative of -17*q**4/4 - 2*q**3/3 - 5*q**2/2 - 4*q - 3236. Determine i(-1).
16
Suppose -3*y - 1 = 14, -r - 5*y - 20 = 0. Suppose -4*i + i - 7 = 2*k, 0 = 5*i + r*k + 15. Let w(z) = z - 2. What is w(i)?
-3
Let m(l) = -l**2 + 13*l - 37. Suppose 315 = -56*c + 119*c. Give m(c).
3
Let w(k) be the first derivative of 3*k - 1/2*k**2 - 24. Determine w(7).
-4
Suppose -4406 + 1550 = 102*z. Let j(w) = -w**2 - 27*w + 27. Give j(z).
-1
Let a(b) = -2*b - 2. Let m = 1010 - 399. Let h = 619 - m. Give a(h).
-18
Let q(p) = -35*p**2 + 20*p - 52. Let u(i) = 4*i**2 - 2*i + 5. Let t(z) = -2*q(z) - 21*u(z). What is t(-1)?
-17
Let w be -2 + (-1 - -1 - 4). Let c(p) be the second derivative of -p**3/2 - p**2 + 2*p - 163. Give c(w).
16
Let b(i) = 13 - 229*i + 462*i + i**2 - 243*i. Give b(8).
-3
Let c(k) = 24 + 3*k**2 + 4*k**2 + 6*k**2 + k. Let r(f) be the second derivative of f**4/4 + 3*f**2 - 24*f - 2. Let d(h) = 2*c(h) - 9*r(h). Determine d(5).
-21
Let i(t) = -t**3 + 12*t**2 - 18*t - 17. Let z be i(10). Let u(x) = -14*x**3 + 5*x**3 + 17*x**z + 1. Determine u(1).
9
Let x(w) = -w**2 - 5*w + 7. Suppose 0 = -16*p - 42 + 186. Suppose p*a + 9 = -54. Give x(a).
-7
Suppose 0 = 174*u - 36*u + 2070. Let t(d) = -2*d - 23. Determine t(u).
7
Let l(c) = 8 - 5 + 30*c + 14*c + 38 - 58*c. Calculate l(3).
-1
Let d = -2 + 0. Let m(z) be the first derivative of -z**5/20 - z**3/6 - z**2 + 87*z + 71. Let u(h) be the first derivative of m(h). Determine u(d).
8
Let f(s) be the third derivative of s**6/8 - s**5/60 - 7*s**4/24 - s**3 + 2*s**2 + 420. Give f(-1).
-15
Let j(o) = 6*o**3 + 3*o**2 - 96*o - 4 - 92*o + 193*o - 7*o**3. Let a(y) = -y**3 - 2*y**2 - 4*y - 5. Let g be a(-2). Suppose -2*b + 5 = -g. Determine j(b).
0
Let j(s) = 2 - 3 - 16*s + 4. Let u(l) = -58*l + 214. Let a be u(4). Let p be 352/184 + a/(-207). Give j(p).
-29
Let w(h) = h**3 - 100*h**2 + 100*h - 116. Let v be w(99). Let g(n) = 3*n + 58. Determine g(v).
7
Let l(m) = 11*m + 2. Suppose 87*h - 6*h = 243. Give l(h).
35
Suppose -11*s + 12 + 112 = -41. Let a(o) = o**2 - 8*o - 68. Give a(s).
37
Suppose 1 = a - 5*u, -12*a + 10*a = 3*u - 54. Let o(t) = t**3 - 21*t**2 + t - 25. Give o(a).
-4
Let d = 294 - 75. Let u(x) = 8*x - 3*x + d*x**2 + 3 - x - 220*x**2. Determine u(-5).
-42
Suppose -176*z = -174*z - 4*d - 10, -5*d + 5 = z. Let a(v) = -9*v**2 + 42*v + 16. Calculate a(z).
1
Let a = -205 - 188. Let m be a/131 + (-2)/(2/3). Let j(g) = -3*g**3 - 3 + 7*g**2 - 2*g**2 - 9*g + 4*g**3. Calculate j(m).
15
Suppose -t = 3*i - 8, 3*t = -0*i + 5*i - 4. Let y(n) = 2*n + 0*n**2 + 0*n**t + 8 - 7 - n**2. Let v be 10/25*2/((-8)/(-20)). Calculate y(v).
1
Let p(t) = -2*t**2 + 37*t - 13. Let n be p(18). Suppose -n*v - 29 = 41. Let w(r) = r + 17. What is w(v)?
3
Suppose 0 = -143*l + 563 - 134. Let n(d) = 4*d**2 + 5*d - 4. Let b(j) = 3*j**2 + 4*j - 4. Let v(p) = -3*b(p) + 2*n(p). What is v(l)?
-11
Suppose -229*v + 21 - 190 = 60. Let l(s) = -38*s**2 - s. What is l(v)?
-37
Let k be (7/(147/(-18)))/((-5)/35). Let c(w) = -w**3 - w**2 - 1. Let v(b) = 11 + 11*b**2 - 2*b**3 + 0*b + 3*b + 9*b**3. Let o(s) = k*c(s) + v(s). Give o(-4).
9
Let q(y) be the second derivative of y**8/6720 + y**7/2520 - 3*y**5/40 - 5*y**4 + 19*y. Let t(j) be the third derivative of q(j). What is t(0)?
-9
Let a(j) be the third derivative of -j**4/8 - j**3/2 - j**2. Let v = -790 + 793. Suppose -v = -610*p + 611*p. What is a(p)?
6
Let w = -39896 + 39887. Let p(f) = -2*f**3 - 14*f**2 + 36*f - 11. Give p(w).
-11
Let p(r) be the third derivative of r**5/60 - r**4/3 - r**3 - 3*r**2 - 46*r. Let w be (-6)/(-2) + 0 - 0. Let n be ((-2)/w)/(2/(-24)). Give p(n).
-6
Let t(v) = 1. Let o(i) = 4*i - 7. Let d(y) = -3*y + 4. Let b(r) = -7*d(r) - 5*o(r). Let z(k) = -b(k) + 2*t(k). What is z(-11)?
6
Let b(c) be the first derivative of c**3/3 + c**2/2 - 5*c - 894. Give b(4).
15
Let d(y) = 2*y**2 - y. Let t be ((-14)/(-4))/((-1)/(-2)). Let a(s) = 8*s - 57. Let l be a(t). Calculate d(l).
3
Let l(w) = 107*w**3 - 99*w**3 - 102 + 101 - w**2 + 2*w. Determine l(-2).
-73
Let h(g) be the second derivative of -8*g + 3 - 1/3*g**4 + 2/3*g**3 + 2*g**2 + 1/20*g**5. Give h(4).
20
Let n(v) be the third derivative of -v**6/40 - 43*v**3/6 - 7*v**2 - 120. Calculate n(0).
-43
Let l(b) = 3*b - 73. Let a be l(25). Let i(n) = a*n**2 - 382 - 384 + 763 - n**2 - 6*n. Give i(6).
-3
Let w = -22044 + 22048. Let d(o) be the second derivative of 1/12*o**w + 32*o + 1/20*o**5 - 1/6*o**3 + 0 - 4*o**2. Calculate d(0).
-8
Suppose 0 = v + 5*l + 297, l = 3*v + 471 + 372. Let s = v + 286. Let q(z) be the second derivative of z**3/6 - 3*z**2/2 + 4*z. Calculate q(s).
1
Let x(t) = 2*t**2 + 6*t - 11. Let s = -22034 + 22034. What is x(s)?
-11
Let m = -7850 + 7860. Let r(o) = 12*o - 112. Calculate r(m).
8
Let v be 1/(-3)*-3*-5. Let y be (-6)/v*10/4. Let t(s) = 22 - 27*s - s**2 + 31*s - 